{"id":2,"date":"2021-04-21T09:10:39","date_gmt":"2021-04-21T07:10:39","guid":{"rendered":"http:\/\/ceramique-do.ch\/?page_id=2"},"modified":"2023-04-01T08:43:21","modified_gmt":"2023-04-01T06:43:21","slug":"page-d-exemple","status":"publish","type":"page","link":"https:\/\/ceramique-do.ch\/","title":{"rendered":"C\u00e9ramique Do"},"content":{"rendered":"\n<h4 class=\"wp-block-heading\"><\/h4>\n\n\n\n<div class=\"wp-block-group\"><div class=\"wp-block-group__inner-container is-layout-constrained wp-block-group-is-layout-constrained\">\n<h3 class=\"wp-block-heading has-text-align-left\"><strong>Passionn\u00e9 depuis quelques ann\u00e9es par la c\u00e9ramique, <\/strong> <strong>je pratique \u00e0 l&rsquo;atelier Arpot <\/strong><\/h3>\n\n\n\n<h3 class=\"wp-block-heading has-text-align-left\"><strong>Th\u00e9rapeute Shiatsu<\/strong>, <strong>pratiquant d&rsquo;art martiaux, enseignant l&rsquo;aikido ,<\/strong>  <strong>fascin\u00e9 par la c\u00e9ramique et la culture japonaise<\/strong><\/h3>\n\n\n\n<h3 class=\"wp-block-heading has-text-align-left\">expo avril 2023<\/h3>\n\n\n\n<figure class=\"wp-block-image size-large\"><img loading=\"lazy\" decoding=\"async\" width=\"681\" height=\"1024\" src=\"https:\/\/ceramique-do.ch\/wp-content\/uploads\/2023\/03\/IMG-20230319-WA0006-681x1024.jpg\" alt=\"\" class=\"wp-image-824\" srcset=\"https:\/\/ceramique-do.ch\/wp-content\/uploads\/2023\/03\/IMG-20230319-WA0006-681x1024.jpg 681w, https:\/\/ceramique-do.ch\/wp-content\/uploads\/2023\/03\/IMG-20230319-WA0006-200x300.jpg 200w, https:\/\/ceramique-do.ch\/wp-content\/uploads\/2023\/03\/IMG-20230319-WA0006-768x1155.jpg 768w, https:\/\/ceramique-do.ch\/wp-content\/uploads\/2023\/03\/IMG-20230319-WA0006-1021x1536.jpg 1021w, https:\/\/ceramique-do.ch\/wp-content\/uploads\/2023\/03\/IMG-20230319-WA0006.jpg 1064w\" sizes=\"auto, (max-width: 681px) 100vw, 681px\" \/><\/figure>\n<\/div><\/div>\n\n\n\n<figure class=\"wp-block-gallery alignright has-nested-images columns-default is-cropped wp-block-gallery-1 is-layout-flex wp-block-gallery-is-layout-flex\">\n<figure class=\"wp-block-image size-large\"><a href=\"https:\/\/ceramique-do.ch\/index.php\/collections\/entete-2\/\"><img loading=\"lazy\" decoding=\"async\" width=\"768\" height=\"1024\" data-id=\"164\" src=\"https:\/\/ceramique-do.ch\/wp-content\/uploads\/2021\/05\/entete-1-768x1024.jpeg\" alt=\"\" class=\"wp-image-164\" srcset=\"https:\/\/ceramique-do.ch\/wp-content\/uploads\/2021\/05\/entete-1-768x1024.jpeg 768w, https:\/\/ceramique-do.ch\/wp-content\/uploads\/2021\/05\/entete-1-225x300.jpeg 225w, https:\/\/ceramique-do.ch\/wp-content\/uploads\/2021\/05\/entete-1-1152x1536.jpeg 1152w, https:\/\/ceramique-do.ch\/wp-content\/uploads\/2021\/05\/entete-1-1536x2048.jpeg 1536w, https:\/\/ceramique-do.ch\/wp-content\/uploads\/2021\/05\/entete-1-scaled.jpeg 1920w\" sizes=\"auto, (max-width: 768px) 100vw, 768px\" \/><\/a><\/figure>\n<\/figure>\n\n\n\n<figure class=\"wp-block-image size-large\"><img loading=\"lazy\" decoding=\"async\" width=\"1024\" height=\"1024\" src=\"https:\/\/ceramique-do.ch\/wp-content\/uploads\/2021\/11\/IMG_20211122_112812_818-1-1024x1024.jpg\" alt=\"\" class=\"wp-image-381\" srcset=\"https:\/\/ceramique-do.ch\/wp-content\/uploads\/2021\/11\/IMG_20211122_112812_818-1-1024x1024.jpg 1024w, https:\/\/ceramique-do.ch\/wp-content\/uploads\/2021\/11\/IMG_20211122_112812_818-1-300x300.jpg 300w, https:\/\/ceramique-do.ch\/wp-content\/uploads\/2021\/11\/IMG_20211122_112812_818-1-150x150.jpg 150w, https:\/\/ceramique-do.ch\/wp-content\/uploads\/2021\/11\/IMG_20211122_112812_818-1-768x768.jpg 768w, https:\/\/ceramique-do.ch\/wp-content\/uploads\/2021\/11\/IMG_20211122_112812_818-1.jpg 1080w\" sizes=\"auto, (max-width: 1024px) 100vw, 1024px\" \/><\/figure>\n\n\n\n<p class=\"wp-block-paragraph\"><strong>Weekend de vente de No\u00ebl 2021 aux Eaux-Vives<\/strong><\/p>\n\n\n\n<p class=\"wp-block-paragraph\"><\/p>\n\n\n\n<p class=\"wp-block-paragraph\"><\/p>\n\n\n\n<p class=\"wp-block-paragraph\"><\/p>\n\n\n\n<p class=\"wp-block-paragraph\"><\/p>\n\n\n\n<p class=\"wp-block-paragraph\"><\/p>\n\n\n\n<figure class=\"wp-block-gallery has-nested-images columns-default is-cropped wp-block-gallery-2 is-layout-flex wp-block-gallery-is-layout-flex\">\n<figure class=\"wp-block-image size-large\"><img loading=\"lazy\" decoding=\"async\" width=\"768\" height=\"1024\" data-id=\"664\" src=\"https:\/\/ceramique-do.ch\/wp-content\/uploads\/2022\/11\/IMG-20220917-WA0003-768x1024.jpg\" alt=\"\" class=\"wp-image-664\" srcset=\"https:\/\/ceramique-do.ch\/wp-content\/uploads\/2022\/11\/IMG-20220917-WA0003-768x1024.jpg 768w, https:\/\/ceramique-do.ch\/wp-content\/uploads\/2022\/11\/IMG-20220917-WA0003-225x300.jpg 225w, https:\/\/ceramique-do.ch\/wp-content\/uploads\/2022\/11\/IMG-20220917-WA0003-1152x1536.jpg 1152w, https:\/\/ceramique-do.ch\/wp-content\/uploads\/2022\/11\/IMG-20220917-WA0003.jpg 1512w\" sizes=\"auto, (max-width: 768px) 100vw, 768px\" \/><\/figure>\n<\/figure>\n\n\n\n<h2 class=\"wp-block-heading\"><\/h2>\n","protected":false},"excerpt":{"rendered":"<p>Passionn\u00e9 depuis quelques ann\u00e9es par la c\u00e9ramique, je pratique \u00e0 l&rsquo;atelier Arpot Th\u00e9rapeute Shiatsu, pratiquant d&rsquo;art martiaux, enseignant l&rsquo;aikido , fascin\u00e9 par la c\u00e9ramique et la culture japonaise expo avril 2023 Weekend de vente de No\u00ebl 2021 aux Eaux-Vives<\/p>\n","protected":false},"author":1,"featured_media":0,"parent":0,"menu_order":0,"comment_status":"closed","ping_status":"closed","template":"","meta":{"_crdt_document":"","ocean_post_layout":"","ocean_both_sidebars_style":"","ocean_both_sidebars_content_width":0,"ocean_both_sidebars_sidebars_width":0,"ocean_sidebar":"0","ocean_second_sidebar":"0","ocean_disable_margins":"enable","ocean_add_body_class":"","ocean_shortcode_before_top_bar":"","ocean_shortcode_after_top_bar":"","ocean_shortcode_before_header":"","ocean_shortcode_after_header":"","ocean_has_shortcode":"","ocean_shortcode_after_title":"","ocean_shortcode_before_footer_widgets":"","ocean_shortcode_after_footer_widgets":"","ocean_shortcode_before_footer_bottom":"","ocean_shortcode_after_footer_bottom":"","ocean_display_top_bar":"default","ocean_display_header":"default","ocean_header_style":"","ocean_center_header_left_menu":"0","ocean_custom_header_template":"0","ocean_custom_logo":0,"ocean_custom_retina_logo":0,"ocean_custom_logo_max_width":0,"ocean_custom_logo_tablet_max_width":0,"ocean_custom_logo_mobile_max_width":0,"ocean_custom_logo_max_height":0,"ocean_custom_logo_tablet_max_height":0,"ocean_custom_logo_mobile_max_height":0,"ocean_header_custom_menu":"0","ocean_menu_typo_font_family":"0","ocean_menu_typo_font_subset":"","ocean_menu_typo_font_size":0,"ocean_menu_typo_font_size_tablet":0,"ocean_menu_typo_font_size_mobile":0,"ocean_menu_typo_font_size_unit":"px","ocean_menu_typo_font_weight":"","ocean_menu_typo_font_weight_tablet":"","ocean_menu_typo_font_weight_mobile":"","ocean_menu_typo_transform":"","ocean_menu_typo_transform_tablet":"","ocean_menu_typo_transform_mobile":"","ocean_menu_typo_line_height":0,"ocean_menu_typo_line_height_tablet":0,"ocean_menu_typo_line_height_mobile":0,"ocean_menu_typo_line_height_unit":"","ocean_menu_typo_spacing":0,"ocean_menu_typo_spacing_tablet":0,"ocean_menu_typo_spacing_mobile":0,"ocean_menu_typo_spacing_unit":"","ocean_menu_link_color":"","ocean_menu_link_color_hover":"","ocean_menu_link_color_active":"","ocean_menu_link_background":"","ocean_menu_link_hover_background":"","ocean_menu_link_active_background":"","ocean_menu_social_links_bg":"","ocean_menu_social_hover_links_bg":"","ocean_menu_social_links_color":"","ocean_menu_social_hover_links_color":"","ocean_disable_title":"default","ocean_disable_heading":"default","ocean_post_title":"","ocean_post_subheading":"","ocean_post_title_style":"","ocean_post_title_background_color":"","ocean_post_title_background":0,"ocean_post_title_bg_image_position":"","ocean_post_title_bg_image_attachment":"","ocean_post_title_bg_image_repeat":"","ocean_post_title_bg_image_size":"","ocean_post_title_height":0,"ocean_post_title_bg_overlay":0.5,"ocean_post_title_bg_overlay_color":"","ocean_disable_breadcrumbs":"default","ocean_breadcrumbs_color":"","ocean_breadcrumbs_separator_color":"","ocean_breadcrumbs_links_color":"","ocean_breadcrumbs_links_hover_color":"","ocean_display_footer_widgets":"default","ocean_display_footer_bottom":"default","ocean_custom_footer_template":"0","footnotes":""},"class_list":["post-2","page","type-page","status-publish","hentry","entry"],"yoast_head":"<!-- This site is optimized with the Yoast SEO plugin v27.4 - https:\/\/yoast.com\/product\/yoast-seo-wordpress\/ -->\n<title>C\u00e9ramique Do - atelier<\/title>\n<meta name=\"robots\" content=\"index, follow, max-snippet:-1, max-image-preview:large, max-video-preview:-1\" \/>\n<link rel=\"canonical\" href=\"https:\/\/ceramique-do.ch\/\" \/>\n<meta property=\"og:locale\" content=\"fr_FR\" \/>\n<meta property=\"og:type\" content=\"article\" \/>\n<meta property=\"og:title\" content=\"C\u00e9ramique Do - atelier\" \/>\n<meta property=\"og:description\" content=\"Passionn\u00e9 depuis quelques ann\u00e9es par la c\u00e9ramique, je pratique \u00e0 l&rsquo;atelier Arpot Th\u00e9rapeute Shiatsu, pratiquant d&rsquo;art martiaux, enseignant l&rsquo;aikido , fascin\u00e9 par la c\u00e9ramique et la culture japonaise expo avril 2023 Weekend de vente de No\u00ebl 2021 aux Eaux-Vives\" \/>\n<meta property=\"og:url\" content=\"https:\/\/ceramique-do.ch\/\" \/>\n<meta property=\"og:site_name\" content=\"atelier\" \/>\n<meta property=\"article:modified_time\" content=\"2023-04-01T06:43:21+00:00\" \/>\n<meta property=\"og:image\" content=\"http:\/\/ceramique-do.ch\/wp-content\/uploads\/2023\/03\/IMG-20230319-WA0006-681x1024.jpg\" \/>\n<meta name=\"twitter:card\" content=\"summary_large_image\" \/>\n<script type=\"application\/ld+json\" class=\"yoast-schema-graph\">{\"@context\":\"https:\\\/\\\/schema.org\",\"@graph\":[{\"@type\":\"WebPage\",\"@id\":\"https:\\\/\\\/ceramique-do.ch\\\/\",\"url\":\"https:\\\/\\\/ceramique-do.ch\\\/\",\"name\":\"C\u00e9ramique Do - atelier\",\"isPartOf\":{\"@id\":\"https:\\\/\\\/ceramique-do.ch\\\/#website\"},\"primaryImageOfPage\":{\"@id\":\"https:\\\/\\\/ceramique-do.ch\\\/#primaryimage\"},\"image\":{\"@id\":\"https:\\\/\\\/ceramique-do.ch\\\/#primaryimage\"},\"thumbnailUrl\":\"http:\\\/\\\/ceramique-do.ch\\\/wp-content\\\/uploads\\\/2023\\\/03\\\/IMG-20230319-WA0006-681x1024.jpg\",\"datePublished\":\"2021-04-21T07:10:39+00:00\",\"dateModified\":\"2023-04-01T06:43:21+00:00\",\"breadcrumb\":{\"@id\":\"https:\\\/\\\/ceramique-do.ch\\\/#breadcrumb\"},\"inLanguage\":\"fr-FR\",\"potentialAction\":[{\"@type\":\"ReadAction\",\"target\":[\"https:\\\/\\\/ceramique-do.ch\\\/\"]}]},{\"@type\":\"ImageObject\",\"inLanguage\":\"fr-FR\",\"@id\":\"https:\\\/\\\/ceramique-do.ch\\\/#primaryimage\",\"url\":\"https:\\\/\\\/ceramique-do.ch\\\/wp-content\\\/uploads\\\/2023\\\/03\\\/IMG-20230319-WA0006.jpg\",\"contentUrl\":\"https:\\\/\\\/ceramique-do.ch\\\/wp-content\\\/uploads\\\/2023\\\/03\\\/IMG-20230319-WA0006.jpg\",\"width\":1064,\"height\":1600},{\"@type\":\"BreadcrumbList\",\"@id\":\"https:\\\/\\\/ceramique-do.ch\\\/#breadcrumb\",\"itemListElement\":[{\"@type\":\"ListItem\",\"position\":1,\"name\":\"Accueil\",\"item\":\"https:\\\/\\\/ceramique-do.ch\\\/\"},{\"@type\":\"ListItem\",\"position\":2,\"name\":\"C\u00e9ramique Do\"}]},{\"@type\":\"WebSite\",\"@id\":\"https:\\\/\\\/ceramique-do.ch\\\/#website\",\"url\":\"https:\\\/\\\/ceramique-do.ch\\\/\",\"name\":\"atelier\",\"description\":\"Ceramic par Eric\",\"potentialAction\":[{\"@type\":\"SearchAction\",\"target\":{\"@type\":\"EntryPoint\",\"urlTemplate\":\"https:\\\/\\\/ceramique-do.ch\\\/?s={search_term_string}\"},\"query-input\":{\"@type\":\"PropertyValueSpecification\",\"valueRequired\":true,\"valueName\":\"search_term_string\"}}],\"inLanguage\":\"fr-FR\"}]}<\/script>\n<!-- \/ Yoast SEO plugin. -->","yoast_head_json":{"title":"C\u00e9ramique Do - atelier","robots":{"index":"index","follow":"follow","max-snippet":"max-snippet:-1","max-image-preview":"max-image-preview:large","max-video-preview":"max-video-preview:-1"},"canonical":"https:\/\/ceramique-do.ch\/","og_locale":"fr_FR","og_type":"article","og_title":"C\u00e9ramique Do - atelier","og_description":"Passionn\u00e9 depuis quelques ann\u00e9es par la c\u00e9ramique, je pratique \u00e0 l&rsquo;atelier Arpot Th\u00e9rapeute Shiatsu, pratiquant d&rsquo;art martiaux, enseignant l&rsquo;aikido , fascin\u00e9 par la c\u00e9ramique et la culture japonaise expo avril 2023 Weekend de vente de No\u00ebl 2021 aux Eaux-Vives","og_url":"https:\/\/ceramique-do.ch\/","og_site_name":"atelier","article_modified_time":"2023-04-01T06:43:21+00:00","og_image":[{"url":"http:\/\/ceramique-do.ch\/wp-content\/uploads\/2023\/03\/IMG-20230319-WA0006-681x1024.jpg","type":"","width":"","height":""}],"twitter_card":"summary_large_image","schema":{"@context":"https:\/\/schema.org","@graph":[{"@type":"WebPage","@id":"https:\/\/ceramique-do.ch\/","url":"https:\/\/ceramique-do.ch\/","name":"C\u00e9ramique Do - atelier","isPartOf":{"@id":"https:\/\/ceramique-do.ch\/#website"},"primaryImageOfPage":{"@id":"https:\/\/ceramique-do.ch\/#primaryimage"},"image":{"@id":"https:\/\/ceramique-do.ch\/#primaryimage"},"thumbnailUrl":"http:\/\/ceramique-do.ch\/wp-content\/uploads\/2023\/03\/IMG-20230319-WA0006-681x1024.jpg","datePublished":"2021-04-21T07:10:39+00:00","dateModified":"2023-04-01T06:43:21+00:00","breadcrumb":{"@id":"https:\/\/ceramique-do.ch\/#breadcrumb"},"inLanguage":"fr-FR","potentialAction":[{"@type":"ReadAction","target":["https:\/\/ceramique-do.ch\/"]}]},{"@type":"ImageObject","inLanguage":"fr-FR","@id":"https:\/\/ceramique-do.ch\/#primaryimage","url":"https:\/\/ceramique-do.ch\/wp-content\/uploads\/2023\/03\/IMG-20230319-WA0006.jpg","contentUrl":"https:\/\/ceramique-do.ch\/wp-content\/uploads\/2023\/03\/IMG-20230319-WA0006.jpg","width":1064,"height":1600},{"@type":"BreadcrumbList","@id":"https:\/\/ceramique-do.ch\/#breadcrumb","itemListElement":[{"@type":"ListItem","position":1,"name":"Accueil","item":"https:\/\/ceramique-do.ch\/"},{"@type":"ListItem","position":2,"name":"C\u00e9ramique Do"}]},{"@type":"WebSite","@id":"https:\/\/ceramique-do.ch\/#website","url":"https:\/\/ceramique-do.ch\/","name":"atelier","description":"Ceramic par Eric","potentialAction":[{"@type":"SearchAction","target":{"@type":"EntryPoint","urlTemplate":"https:\/\/ceramique-do.ch\/?s={search_term_string}"},"query-input":{"@type":"PropertyValueSpecification","valueRequired":true,"valueName":"search_term_string"}}],"inLanguage":"fr-FR"}]}},"_links":{"self":[{"href":"https:\/\/ceramique-do.ch\/index.php\/wp-json\/wp\/v2\/pages\/2","targetHints":{"allow":["GET"]}}],"collection":[{"href":"https:\/\/ceramique-do.ch\/index.php\/wp-json\/wp\/v2\/pages"}],"about":[{"href":"https:\/\/ceramique-do.ch\/index.php\/wp-json\/wp\/v2\/types\/page"}],"author":[{"embeddable":true,"href":"https:\/\/ceramique-do.ch\/index.php\/wp-json\/wp\/v2\/users\/1"}],"replies":[{"embeddable":true,"href":"https:\/\/ceramique-do.ch\/index.php\/wp-json\/wp\/v2\/comments?post=2"}],"version-history":[{"count":50,"href":"https:\/\/ceramique-do.ch\/index.php\/wp-json\/wp\/v2\/pages\/2\/revisions"}],"predecessor-version":[{"id":830,"href":"https:\/\/ceramique-do.ch\/index.php\/wp-json\/wp\/v2\/pages\/2\/revisions\/830"}],"wp:attachment":[{"href":"https:\/\/ceramique-do.ch\/index.php\/wp-json\/wp\/v2\/media?parent=2"}],"curies":[{"name":"wp","href":"https:\/\/api.w.org\/{rel}","templated":true}]}}